{"id":67,"date":"2016-02-06T15:48:45","date_gmt":"2016-02-06T14:48:45","guid":{"rendered":"http:\/\/www.mieuxetheureux.ch\/wordpress\/?page_id=67"},"modified":"2016-05-21T14:36:14","modified_gmt":"2016-05-21T13:36:14","slug":"kinesiologie","status":"publish","type":"page","link":"https:\/\/www.mieuxetheureux.ch\/?page_id=67","title":{"rendered":"Kin\u00e9siologie"},"content":{"rendered":"<p style=\"text-align: justify;\">La kin\u00e9siologie est une approche globale et \u00e9ducative de la sant\u00e9 qui a pour but d&rsquo;accompagner les personnes vers leur bien-\u00eatre. Elle convient \u00e0 tous, du b\u00e9b\u00e9 \u00e0 la personne \u00e2g\u00e9e.\u00a0<!--more Lire la suite--><\/p>\n<p style=\"text-align: justify;\">Elle consid\u00e8re l&rsquo;\u00eatre humain comme un tout constitu\u00e9 d&rsquo;un corps, d&rsquo;un psychisme et d&rsquo;\u00e9nergie en constante interaction. Elle d\u00e9finit la sant\u00e9 comme\u00a0un \u00e9tat d&rsquo;\u00e9quilibre entre ces trois dimensions et se fonde sur les capacit\u00e9s d&rsquo;auto-gu\u00e9rison du corps. Elle travaille \u00e0 \u00e9quilibrer les \u00e9nergies pour relancer la vitalit\u00e9 de la personne et lui permettre d&rsquo;acc\u00e9der \u00e0 un mieux-\u00eatre physique, psychique, \u00e9motionnel et social.<\/p>\n<p style=\"text-align: justify;\">La kin\u00e9siologie est n\u00e9e de la synth\u00e8se de pratiques aussi vari\u00e9es que la m\u00e9decine traditionnelle chinoise, la chiropraxie et les techniques de communication. Elle s&rsquo;est d\u00e9velopp\u00e9e en diff\u00e9rentes branches desquelles\u00a0r\u00e9sulte aujourd&rsquo;hui une large palette de m\u00e9thodes d&rsquo;accompagnement qui peuvent r\u00e9pondre aux besoins de chacun.<\/p>\n<p style=\"text-align: justify;\">Toutes ces techniques visent \u00e0 d\u00e9celer et \u00e0 lever les blocages qui emp\u00eachent la personne de disposer pleinement de ses ressources et d&rsquo;atteindre ses objectifs.<\/p>\n<h4 style=\"text-align: justify;\">Quelles indications?<\/h4>\n<ul style=\"text-align: justify;\">\n<li style=\"text-align: justify;\">La kin\u00e9siologie vise la promotion et la r\u00e9cup\u00e9ration de\u00a0la sant\u00e9.<\/li>\n<li>Elle permet d&rsquo;am\u00e9liorer\u00a0le bien-\u00eatre, la communication\u00a0et la gestion des \u00e9motions.<\/li>\n<li>Elle optimise\u00a0les performances (scolaires, sportives, intellectuelles, artistiques,&#8230;).<\/li>\n<li>Elle favorise le\u00a0d\u00e9veloppement personnel (besoin d&rsquo;\u00e9voluer et de prendre en charge de sa vie, r\u00e9\u00e9quilibrer ses \u00e9nergies, apprendre \u00e0 se conna\u00eetre en profondeur, appr\u00e9hender les situations sous un autre angle, susciter le changement, d\u00e9jouer des sch\u00e9mas inconscients qui nous emp\u00eachent d&rsquo;avancer).<\/li>\n<li>Elle est\u00a0utile dans tous les domaines o\u00f9 le stress emp\u00eache de donner le meilleur de soi-m\u00eame et de fonctionner de mani\u00e8re optimale.<\/li>\n<\/ul>\n<p style=\"text-align: justify;\">La kin\u00e9siologie a sa place dans le domaine des th\u00e9rapies compl\u00e9mentaires. Elle ne peut se substituer \u00e0 un diagnostic m\u00e9dical.<\/p>\n<h4 style=\"text-align: justify;\">Le kin\u00e9siologue<\/h4>\n<p style=\"text-align: justify;\">Le kin\u00e9siologue est un \u00ab\u00a0facilitateur\u00a0\u00bb, un accompagnant vers la sant\u00e9 et le bien-\u00eatre. En faisant parler le corps, il accompagne la personne vers des prises de conscience et lui permet de trouver en elle les ressources pour d\u00e9passer ses difficult\u00e9s. Il ne fait pas de diagnostic ni n&rsquo;impose son point de vue (toute signification ou interpr\u00e9tation des d\u00e9s\u00e9quilibres est \u00e9labor\u00e9e par la personne, en dialogue avec le kin\u00e9siologue). La personne est ma\u00eetre de sa s\u00e9ance, responsable de ses choix et du rythme de son \u00e9volution. Le kin\u00e9siologue travaille sur l&rsquo;autonomie de la personne\u00a0: il vise \u00e0 lui rendre sa propre autorit\u00e9 sur elle-m\u00eame, sa confiance en ses capacit\u00e9s \u00e0 reprendre sa vie en main et \u00e0 aller mieux.<\/p>\n<p style=\"text-align: justify;\">Pour vous accompagner vers votre mieux-\u00eatre, mes outils sont les suivants:<\/p>\n<p>&nbsp;<\/p>\n","protected":false},"excerpt":{"rendered":"<p>La kin\u00e9siologie est une approche globale et \u00e9ducative de la sant\u00e9 qui a pour but d&rsquo;accompagner les personnes vers leur bien-\u00eatre. Elle convient \u00e0 tous, du b\u00e9b\u00e9&hellip; <span class=\"read-more\"><a class=\"more-link\" href=\"https:\/\/www.mieuxetheureux.ch\/?page_id=67\" rel=\"bookmark\">Lire la suite <span class=\"screen-reader-text\">\u00ab\u00a0Kin\u00e9siologie\u00a0\u00bb<\/span><\/a><\/span><\/p>\n","protected":false},"author":1,"featured_media":853,"parent":0,"menu_order":3,"comment_status":"closed","ping_status":"closed","template":"page-templates\/template-grid.php","meta":[],"_links":{"self":[{"href":"https:\/\/www.mieuxetheureux.ch\/index.php?rest_route=\/wp\/v2\/pages\/67"}],"collection":[{"href":"https:\/\/www.mieuxetheureux.ch\/index.php?rest_route=\/wp\/v2\/pages"}],"about":[{"href":"https:\/\/www.mieuxetheureux.ch\/index.php?rest_route=\/wp\/v2\/types\/page"}],"author":[{"embeddable":true,"href":"https:\/\/www.mieuxetheureux.ch\/index.php?rest_route=\/wp\/v2\/users\/1"}],"replies":[{"embeddable":true,"href":"https:\/\/www.mieuxetheureux.ch\/index.php?rest_route=%2Fwp%2Fv2%2Fcomments&post=67"}],"version-history":[{"count":29,"href":"https:\/\/www.mieuxetheureux.ch\/index.php?rest_route=\/wp\/v2\/pages\/67\/revisions"}],"predecessor-version":[{"id":1233,"href":"https:\/\/www.mieuxetheureux.ch\/index.php?rest_route=\/wp\/v2\/pages\/67\/revisions\/1233"}],"wp:featuredmedia":[{"embeddable":true,"href":"https:\/\/www.mieuxetheureux.ch\/index.php?rest_route=\/wp\/v2\/media\/853"}],"wp:attachment":[{"href":"https:\/\/www.mieuxetheureux.ch\/index.php?rest_route=%2Fwp%2Fv2%2Fmedia&parent=67"}],"curies":[{"name":"wp","href":"https:\/\/api.w.org\/{rel}","templated":true}]}}